{"id":1283,"date":"2021-08-02T13:47:45","date_gmt":"2021-08-02T17:47:45","guid":{"rendered":"https:\/\/oceanic.gomd.cl\/dev\/?post_type=product&#038;p=1283"},"modified":"2021-08-09T14:47:13","modified_gmt":"2021-08-09T18:47:13","slug":"swift-trawler-41-sedan","status":"publish","type":"product","link":"https:\/\/oceanic.gomd.cl\/dev\/embarcacion\/swift-trawler-41-sedan\/","title":{"rendered":"Swift Trawler 41 Sedan"},"content":{"rendered":"<p>Viajero con un gran coraz\u00f3n, el <strong>Swift Trawler 41<\/strong> renueva el estilo y el esp\u00edritu de la gama trawlers con \u00e9xito. Habitable, confortable y funcional, este nuevo modelo innovador de 40 pies &#8211; disponible en versi\u00f3n Fly y Sedan \u2013 aloja hasta 7 pasajeros. Una proeza!<\/p>\n","protected":false},"excerpt":{"rendered":"<p>Viajero con un gran coraz\u00f3n, el Swift Trawler 41 renueva el estilo y el esp\u00edritu de la gama trawlers con \u00e9xito. Habitable, confortable y funcional, este nuevo modelo innovador de 40 pies &#8211; disponible en versi\u00f3n Fly y Sedan \u2013 aloja hasta 7 pasajeros. Una proeza!<\/p>\n","protected":false},"featured_media":1284,"comment_status":"open","ping_status":"closed","template":"","meta":[],"product_cat":[84,22,44],"product_tag":[41],"class_list":["post-1283","product","type-product","status-publish","has-post-thumbnail","hentry","product_cat-monocasco","product_cat-motor","product_cat-nuevo","product_tag-beneteau"],"_links":{"self":[{"href":"https:\/\/oceanic.gomd.cl\/dev\/wp-json\/wp\/v2\/product\/1283","targetHints":{"allow":["GET"]}}],"collection":[{"href":"https:\/\/oceanic.gomd.cl\/dev\/wp-json\/wp\/v2\/product"}],"about":[{"href":"https:\/\/oceanic.gomd.cl\/dev\/wp-json\/wp\/v2\/types\/product"}],"replies":[{"embeddable":true,"href":"https:\/\/oceanic.gomd.cl\/dev\/wp-json\/wp\/v2\/comments?post=1283"}],"wp:featuredmedia":[{"embeddable":true,"href":"https:\/\/oceanic.gomd.cl\/dev\/wp-json\/wp\/v2\/media\/1284"}],"wp:attachment":[{"href":"https:\/\/oceanic.gomd.cl\/dev\/wp-json\/wp\/v2\/media?parent=1283"}],"wp:term":[{"taxonomy":"product_cat","embeddable":true,"href":"https:\/\/oceanic.gomd.cl\/dev\/wp-json\/wp\/v2\/product_cat?post=1283"},{"taxonomy":"product_tag","embeddable":true,"href":"https:\/\/oceanic.gomd.cl\/dev\/wp-json\/wp\/v2\/product_tag?post=1283"}],"curies":[{"name":"wp","href":"https:\/\/api.w.org\/{rel}","templated":true}]}}