{"id":1364,"date":"2021-08-02T15:16:36","date_gmt":"2021-08-02T19:16:36","guid":{"rendered":"https:\/\/oceanic.gomd.cl\/dev\/?post_type=product&#038;p=1364"},"modified":"2021-08-09T14:36:10","modified_gmt":"2021-08-09T18:36:10","slug":"flyer-6-sundeck","status":"publish","type":"product","link":"https:\/\/oceanic.gomd.cl\/dev\/embarcacion\/flyer-6-sundeck\/","title":{"rendered":"Flyer 6 Sundeck"},"content":{"rendered":"<div class=\"field-item even field-item-bundle-wysiwyg field-item-3\">\n<div class=\"field-item-inner\">\n<div class=\"entity entity-paragraphs-item paragraphs-item-wysiwyg\">\n<div class=\"content\">\n<div class=\"group-wrapper field-group-div_background_image\">\n<div class=\"field field-name-field-longtext field-type-text-long field-label-hidden\">\n<div class=\"field-items items-count-1\">\n<div class=\"field-item even field-item-1\">\n<div class=\"field-item-inner\">\n<p class=\"quote-black\">Con una ba\u00f1era y un sol\u00e1rium de proa con unas dimensiones impresionantes, el <strong>Flyer 6.6 SUNdeck<\/strong> ofrece al sol m\u00e1s de 15m2 de superficie. Dentro, el camarote saca beneficio de todos los espacios disponibles y este day-boat permite pasar una noche a bordo. Dotado con la \u00faltima generaci\u00f3n de la tecnolog\u00eda Airstep\u00a9, este fueraborda ofrece una comodidad de navegaci\u00f3n \u00fanica.<\/p>\n<\/div>\n<\/div>\n<\/div>\n<\/div>\n<\/div>\n<\/div>\n<\/div>\n<\/div>\n<\/div>\n","protected":false},"excerpt":{"rendered":"<p>Con una ba\u00f1era y un sol\u00e1rium de proa con unas dimensiones impresionantes, el Flyer 6.6 SUNdeck ofrece al sol m\u00e1s de 15m2 de superficie. Dentro, el camarote saca beneficio de todos los espacios disponibles y este day-boat permite pasar una noche a bordo. Dotado con la \u00faltima generaci\u00f3n de la tecnolog\u00eda Airstep\u00a9, este fueraborda ofrece &hellip;<\/p>\n<p class=\"read-more\"> <a class=\"\" href=\"https:\/\/oceanic.gomd.cl\/dev\/embarcacion\/flyer-6-sundeck\/\"> <span class=\"screen-reader-text\">Flyer 6 Sundeck<\/span> Read More &raquo;<\/a><\/p>\n","protected":false},"featured_media":1365,"comment_status":"open","ping_status":"closed","template":"","meta":[],"product_cat":[84,22,44],"product_tag":[41],"class_list":["post-1364","product","type-product","status-publish","has-post-thumbnail","hentry","product_cat-monocasco","product_cat-motor","product_cat-nuevo","product_tag-beneteau"],"_links":{"self":[{"href":"https:\/\/oceanic.gomd.cl\/dev\/wp-json\/wp\/v2\/product\/1364","targetHints":{"allow":["GET"]}}],"collection":[{"href":"https:\/\/oceanic.gomd.cl\/dev\/wp-json\/wp\/v2\/product"}],"about":[{"href":"https:\/\/oceanic.gomd.cl\/dev\/wp-json\/wp\/v2\/types\/product"}],"replies":[{"embeddable":true,"href":"https:\/\/oceanic.gomd.cl\/dev\/wp-json\/wp\/v2\/comments?post=1364"}],"wp:featuredmedia":[{"embeddable":true,"href":"https:\/\/oceanic.gomd.cl\/dev\/wp-json\/wp\/v2\/media\/1365"}],"wp:attachment":[{"href":"https:\/\/oceanic.gomd.cl\/dev\/wp-json\/wp\/v2\/media?parent=1364"}],"wp:term":[{"taxonomy":"product_cat","embeddable":true,"href":"https:\/\/oceanic.gomd.cl\/dev\/wp-json\/wp\/v2\/product_cat?post=1364"},{"taxonomy":"product_tag","embeddable":true,"href":"https:\/\/oceanic.gomd.cl\/dev\/wp-json\/wp\/v2\/product_tag?post=1364"}],"curies":[{"name":"wp","href":"https:\/\/api.w.org\/{rel}","templated":true}]}}