{"id":1482,"date":"2021-08-06T12:40:17","date_gmt":"2021-08-06T16:40:17","guid":{"rendered":"https:\/\/oceanic.gomd.cl\/dev\/?post_type=product&#038;p=1482"},"modified":"2021-08-06T12:44:28","modified_gmt":"2021-08-06T16:44:28","slug":"beneteau-gran-turismo-49","status":"publish","type":"product","link":"https:\/\/oceanic.gomd.cl\/dev\/embarcacion\/beneteau-gran-turismo-49\/","title":{"rendered":"Beneteau Gran Turismo 49"},"content":{"rendered":"<p>Ubicaci\u00f3n: Per\u00fa<br \/>\nMarca: Beneteau<br \/>\nModelo: Gran Turismo 49<br \/>\nA\u00f1o: 2015<br \/>\nEquipamiento:<\/p>\n<ul>\n<li style=\"list-style-type: none;\">\n<ul>\n<li>Motores: 02 x Volvo Penta 435HP \/ 370H<\/li>\n<li>Camarotes: 03<\/li>\n<li>Ba\u00f1os: 02<\/li>\n<li>Electr\u00f3nica: SIMRAD (02 Chartplotters, Radar, GPS, AIS, Radio VHF)<\/li>\n<li>Ba\u00f1era el\u00e9ctrica retra\u00edble y 02 mesas regulables el\u00e9ctricamente<\/li>\n<li>Aire acondicionado y calefacci\u00f3n<\/li>\n<li>Luces Underwater<\/li>\n<li>Entretenimiento: TV con antena. 02 Radio Fusion con 06 parlantes JL exteriores y 06 parlantes BOSE interiores.<\/li>\n<\/ul>\n<\/li>\n<\/ul>\n","protected":false},"excerpt":{"rendered":"<p>Ubicaci\u00f3n: Per\u00fa Marca: Beneteau Modelo: Gran Turismo 49 A\u00f1o: 2015 Equipamiento: Motores: 02 x Volvo Penta 435HP \/ 370H Camarotes: 03 Ba\u00f1os: 02 Electr\u00f3nica: SIMRAD (02 Chartplotters, Radar, GPS, AIS, Radio VHF) Ba\u00f1era el\u00e9ctrica retra\u00edble y 02 mesas regulables el\u00e9ctricamente Aire acondicionado y calefacci\u00f3n Luces Underwater Entretenimiento: TV con antena. 02 Radio Fusion con 06 &hellip;<\/p>\n<p class=\"read-more\"> <a class=\"\" href=\"https:\/\/oceanic.gomd.cl\/dev\/embarcacion\/beneteau-gran-turismo-49\/\"> <span class=\"screen-reader-text\">Beneteau Gran Turismo 49<\/span> Read More &raquo;<\/a><\/p>\n","protected":false},"featured_media":1483,"comment_status":"open","ping_status":"closed","template":"","meta":[],"product_cat":[84,22,45],"product_tag":[41],"class_list":["post-1482","product","type-product","status-publish","has-post-thumbnail","hentry","product_cat-monocasco","product_cat-motor","product_cat-usado","product_tag-beneteau"],"_links":{"self":[{"href":"https:\/\/oceanic.gomd.cl\/dev\/wp-json\/wp\/v2\/product\/1482","targetHints":{"allow":["GET"]}}],"collection":[{"href":"https:\/\/oceanic.gomd.cl\/dev\/wp-json\/wp\/v2\/product"}],"about":[{"href":"https:\/\/oceanic.gomd.cl\/dev\/wp-json\/wp\/v2\/types\/product"}],"replies":[{"embeddable":true,"href":"https:\/\/oceanic.gomd.cl\/dev\/wp-json\/wp\/v2\/comments?post=1482"}],"wp:featuredmedia":[{"embeddable":true,"href":"https:\/\/oceanic.gomd.cl\/dev\/wp-json\/wp\/v2\/media\/1483"}],"wp:attachment":[{"href":"https:\/\/oceanic.gomd.cl\/dev\/wp-json\/wp\/v2\/media?parent=1482"}],"wp:term":[{"taxonomy":"product_cat","embeddable":true,"href":"https:\/\/oceanic.gomd.cl\/dev\/wp-json\/wp\/v2\/product_cat?post=1482"},{"taxonomy":"product_tag","embeddable":true,"href":"https:\/\/oceanic.gomd.cl\/dev\/wp-json\/wp\/v2\/product_tag?post=1482"}],"curies":[{"name":"wp","href":"https:\/\/api.w.org\/{rel}","templated":true}]}}