{"id":1517,"date":"2021-08-10T12:59:36","date_gmt":"2021-08-10T16:59:36","guid":{"rendered":"https:\/\/oceanic.gomd.cl\/dev\/?post_type=product&#038;p=1517"},"modified":"2021-08-10T13:09:14","modified_gmt":"2021-08-10T17:09:14","slug":"tensacon","status":"publish","type":"product","link":"https:\/\/oceanic.gomd.cl\/dev\/embarcacion\/tensacon\/","title":{"rendered":"Tensacon"},"content":{"rendered":"<p><strong>Equipos Electr\u00f3nicos<\/strong><\/p>\n<ul>\n<li>Piloto autom\u00e1tico Raymarine<\/li>\n<li>3 Tacktick sobre cubierta (corredera, anem\u00f3metro, gps, compas, direcci\u00f3n viento, etc)<\/li>\n<li>2 Maxi al m\u00e1stil \u2013 control remoto<\/li>\n<li>Chartplotter Raymarine LC<\/li>\n<li>Radio VHF<\/li>\n<li>Radio FM<\/li>\n<li>Panel de instrumentos<\/li>\n<li>Velas<\/li>\n<li>Mayor y Genoa con protector UV blanco, de crucero como nuevas.<\/li>\n<li>2 mayores de regata fusi\u00f3n, \u00faltima a\u00f1o 2010.<\/li>\n<li>Genoas dos C1, dos C2, una C3 y una C4 de 1 a 3 a\u00f1os.<\/li>\n<li>Globos: C\u00f3digo Cero,S2, S4 y S5, con 1 a 3 a\u00f1os.<\/li>\n<li>Tormentin<\/li>\n<\/ul>\n<p><strong>Motor<\/strong><\/p>\n<ul>\n<li>Volvo 30 HP<\/li>\n<\/ul>\n<p><strong>Otros<\/strong><\/p>\n<ul>\n<li>Herrajes, escotas y drizas en \u00f3ptimo estado<\/li>\n<li>Enrrollador de genoa Harken y Laizy Jack mayor<\/li>\n<li>M\u00e1stil carbono<\/li>\n<li>Botavara carbono<\/li>\n<li>Tang\u00f3n carbono<\/li>\n<li>Popel PBO<\/li>\n<li>Mecha Tim\u00f3n Carbono<\/li>\n<li>H\u00e9lice Gori plegable<\/li>\n<li>Ancla<\/li>\n<li>Termo tanque agua caliente<\/li>\n<li>Cocinilla con Horno<\/li>\n<li>2 Estanques con agua a presi\u00f3n.<\/li>\n<li>Huinches sobre medida<\/li>\n<li>Teca en el cockpit<\/li>\n<li>Sistema de gobierno de ca\u00f1a y rueda<\/li>\n<li>Chubasquera<\/li>\n<li>Hombre al agua<\/li>\n<li>Fenders, protectores de velas, velata, etc.<\/li>\n<li>Calzo<\/li>\n<li>Distribuci\u00f3n<\/li>\n<li>Camarote doble a proa y popa<\/li>\n<li>Sector central comedor- mesa navegante y cocina.<\/li>\n<\/ul>\n","protected":false},"excerpt":{"rendered":"<p>Equipos Electr\u00f3nicos Piloto autom\u00e1tico Raymarine 3 Tacktick sobre cubierta (corredera, anem\u00f3metro, gps, compas, direcci\u00f3n viento, etc) 2 Maxi al m\u00e1stil \u2013 control remoto Chartplotter Raymarine LC Radio VHF Radio FM Panel de instrumentos Velas Mayor y Genoa con protector UV blanco, de crucero como nuevas. 2 mayores de regata fusi\u00f3n, \u00faltima a\u00f1o 2010. Genoas dos &hellip;<\/p>\n<p class=\"read-more\"> <a class=\"\" href=\"https:\/\/oceanic.gomd.cl\/dev\/embarcacion\/tensacon\/\"> <span class=\"screen-reader-text\">Tensacon<\/span> Read More &raquo;<\/a><\/p>\n","protected":false},"featured_media":1518,"comment_status":"open","ping_status":"closed","template":"","meta":[],"product_cat":[84,22,45],"product_tag":[41],"class_list":["post-1517","product","type-product","status-publish","has-post-thumbnail","hentry","product_cat-monocasco","product_cat-motor","product_cat-usado","product_tag-beneteau"],"_links":{"self":[{"href":"https:\/\/oceanic.gomd.cl\/dev\/wp-json\/wp\/v2\/product\/1517","targetHints":{"allow":["GET"]}}],"collection":[{"href":"https:\/\/oceanic.gomd.cl\/dev\/wp-json\/wp\/v2\/product"}],"about":[{"href":"https:\/\/oceanic.gomd.cl\/dev\/wp-json\/wp\/v2\/types\/product"}],"replies":[{"embeddable":true,"href":"https:\/\/oceanic.gomd.cl\/dev\/wp-json\/wp\/v2\/comments?post=1517"}],"wp:featuredmedia":[{"embeddable":true,"href":"https:\/\/oceanic.gomd.cl\/dev\/wp-json\/wp\/v2\/media\/1518"}],"wp:attachment":[{"href":"https:\/\/oceanic.gomd.cl\/dev\/wp-json\/wp\/v2\/media?parent=1517"}],"wp:term":[{"taxonomy":"product_cat","embeddable":true,"href":"https:\/\/oceanic.gomd.cl\/dev\/wp-json\/wp\/v2\/product_cat?post=1517"},{"taxonomy":"product_tag","embeddable":true,"href":"https:\/\/oceanic.gomd.cl\/dev\/wp-json\/wp\/v2\/product_tag?post=1517"}],"curies":[{"name":"wp","href":"https:\/\/api.w.org\/{rel}","templated":true}]}}