{"id":473,"date":"2021-05-19T22:25:50","date_gmt":"2021-05-20T01:25:50","guid":{"rendered":"https:\/\/oceanic-dev-cl.gomd-dev.cl\/?post_type=product&#038;p=473"},"modified":"2021-08-10T11:39:59","modified_gmt":"2021-08-10T15:39:59","slug":"beneteau-montecarlo-6","status":"publish","type":"product","link":"https:\/\/oceanic.gomd.cl\/dev\/embarcacion\/beneteau-montecarlo-6\/","title":{"rendered":"Beneteau Montecarlo 6"},"content":{"rendered":"<p>Colof\u00f3n de la gama creada por B\u00e9n\u00e9teau en el 2013, el Monte Carlo 6 seduce a los navegantes m\u00e1s exigentes en el mundo entero. Elegido barco del a\u00f1o en la categor\u00eda \u2018Flybridge hasta 60 pies\u2019 con motivo de los \u2018Motor Boat Awards\u2019, el MC6 se impone por un estilo, unas prestaciones y una calidad de construcci\u00f3n que le permite aspirar, sin lugar a dudas, el estatus de yacht.<\/p>\n","protected":false},"excerpt":{"rendered":"<p>Colof\u00f3n de la gama creada por B\u00e9n\u00e9teau en el 2013, el Monte Carlo 6 seduce a los navegantes m\u00e1s exigentes en el mundo entero. Elegido barco del a\u00f1o en la categor\u00eda \u2018Flybridge hasta 60 pies\u2019 con motivo de los \u2018Motor Boat Awards\u2019, el MC6 se impone por un estilo, unas prestaciones y una calidad de &hellip;<\/p>\n<p class=\"read-more\"> <a class=\"\" href=\"https:\/\/oceanic.gomd.cl\/dev\/embarcacion\/beneteau-montecarlo-6\/\"> <span class=\"screen-reader-text\">Beneteau Montecarlo 6<\/span> Read More &raquo;<\/a><\/p>\n","protected":false},"featured_media":474,"comment_status":"open","ping_status":"closed","template":"","meta":[],"product_cat":[84,22,44],"product_tag":[41],"class_list":["post-473","product","type-product","status-publish","has-post-thumbnail","hentry","product_cat-monocasco","product_cat-motor","product_cat-nuevo","product_tag-beneteau"],"_links":{"self":[{"href":"https:\/\/oceanic.gomd.cl\/dev\/wp-json\/wp\/v2\/product\/473","targetHints":{"allow":["GET"]}}],"collection":[{"href":"https:\/\/oceanic.gomd.cl\/dev\/wp-json\/wp\/v2\/product"}],"about":[{"href":"https:\/\/oceanic.gomd.cl\/dev\/wp-json\/wp\/v2\/types\/product"}],"replies":[{"embeddable":true,"href":"https:\/\/oceanic.gomd.cl\/dev\/wp-json\/wp\/v2\/comments?post=473"}],"wp:featuredmedia":[{"embeddable":true,"href":"https:\/\/oceanic.gomd.cl\/dev\/wp-json\/wp\/v2\/media\/474"}],"wp:attachment":[{"href":"https:\/\/oceanic.gomd.cl\/dev\/wp-json\/wp\/v2\/media?parent=473"}],"wp:term":[{"taxonomy":"product_cat","embeddable":true,"href":"https:\/\/oceanic.gomd.cl\/dev\/wp-json\/wp\/v2\/product_cat?post=473"},{"taxonomy":"product_tag","embeddable":true,"href":"https:\/\/oceanic.gomd.cl\/dev\/wp-json\/wp\/v2\/product_tag?post=473"}],"curies":[{"name":"wp","href":"https:\/\/api.w.org\/{rel}","templated":true}]}}