{"id":503,"date":"2021-05-20T13:26:25","date_gmt":"2021-05-20T17:26:25","guid":{"rendered":"https:\/\/oceanic-dev-cl.gomd-dev.cl\/?post_type=product&#038;p=503"},"modified":"2021-08-10T11:13:23","modified_gmt":"2021-08-10T15:13:23","slug":"beneteau-first-14","status":"publish","type":"product","link":"https:\/\/oceanic.gomd.cl\/dev\/embarcacion\/beneteau-first-14\/","title":{"rendered":"Beneteau First 14"},"content":{"rendered":"<p>En solo o entre dos, el First 14 es un velero sencillo, divertido y robusto.<br \/>\nParticularmente trabajado en su dise\u00f1o y su ergonom\u00eda, este derivador es la puerta de entrada ideal a la navegaci\u00f3n y a los placeres del deslizamiento.<\/p>\n","protected":false},"excerpt":{"rendered":"<p>En solo o entre dos, el First 14 es un velero sencillo, divertido y robusto. Particularmente trabajado en su dise\u00f1o y su ergonom\u00eda, este derivador es la puerta de entrada ideal a la navegaci\u00f3n y a los placeres del deslizamiento.<\/p>\n","protected":false},"featured_media":511,"comment_status":"open","ping_status":"closed","template":"","meta":[],"product_cat":[84,44,23],"product_tag":[41],"class_list":["post-503","product","type-product","status-publish","has-post-thumbnail","hentry","product_cat-monocasco","product_cat-nuevo","product_cat-vela","product_tag-beneteau"],"_links":{"self":[{"href":"https:\/\/oceanic.gomd.cl\/dev\/wp-json\/wp\/v2\/product\/503","targetHints":{"allow":["GET"]}}],"collection":[{"href":"https:\/\/oceanic.gomd.cl\/dev\/wp-json\/wp\/v2\/product"}],"about":[{"href":"https:\/\/oceanic.gomd.cl\/dev\/wp-json\/wp\/v2\/types\/product"}],"replies":[{"embeddable":true,"href":"https:\/\/oceanic.gomd.cl\/dev\/wp-json\/wp\/v2\/comments?post=503"}],"wp:featuredmedia":[{"embeddable":true,"href":"https:\/\/oceanic.gomd.cl\/dev\/wp-json\/wp\/v2\/media\/511"}],"wp:attachment":[{"href":"https:\/\/oceanic.gomd.cl\/dev\/wp-json\/wp\/v2\/media?parent=503"}],"wp:term":[{"taxonomy":"product_cat","embeddable":true,"href":"https:\/\/oceanic.gomd.cl\/dev\/wp-json\/wp\/v2\/product_cat?post=503"},{"taxonomy":"product_tag","embeddable":true,"href":"https:\/\/oceanic.gomd.cl\/dev\/wp-json\/wp\/v2\/product_tag?post=503"}],"curies":[{"name":"wp","href":"https:\/\/api.w.org\/{rel}","templated":true}]}}